{"id":75,"date":"2024-09-02T15:14:23","date_gmt":"2024-09-02T15:14:23","guid":{"rendered":"https:\/\/famapak.pl\/?page_id=75"},"modified":"2024-09-22T21:23:01","modified_gmt":"2024-09-22T21:23:01","slug":"opakowania-ekologiczne","status":"publish","type":"page","link":"https:\/\/famapak.pl\/index.php\/opakowania-ekologiczne\/","title":{"rendered":"Opakowania ekologiczne i nie tylko"},"content":{"rendered":"\n<div class=\"wp-block-cover alignfull is-light\" style=\"padding-top:var(--wp--preset--spacing--80);padding-bottom:var(--wp--preset--spacing--80)\"><span aria-hidden=\"true\" class=\"wp-block-cover__background has-background-dim-100 has-background-dim\" style=\"background-color:#f3f3f3\"><\/span><div class=\"wp-block-cover__inner-container has-global-padding is-layout-constrained wp-container-core-cover-is-layout-1 wp-block-cover-is-layout-constrained\">\n<p class=\"has-hedvig-letters-serif-regular-font-family\" style=\"font-size:clamp(1.502rem, 1.502rem + ((1vw - 0.2rem) * 1.815), 2.5rem);\">Opakowania ekologiczne i nie tylko<\/p>\n\n\n\n<div class=\"wp-block-group alignfull has-global-padding is-layout-constrained wp-container-core-group-is-layout-3 wp-block-group-is-layout-constrained\" style=\"padding-top:80px;padding-bottom:80px\">\n<div class=\"wp-block-columns alignwide is-layout-flex wp-container-core-columns-is-layout-1 wp-block-columns-is-layout-flex\">\n<div class=\"wp-block-column is-layout-flow wp-block-column-is-layout-flow\" style=\"padding-right:10px;padding-left:10px;flex-basis:40%\">\n<figure class=\"wp-block-image aligncenter size-full has-custom-border\"><img loading=\"lazy\" decoding=\"async\" width=\"935\" height=\"535\" src=\"https:\/\/famapak.pl\/wp-content\/uploads\/2024\/09\/174717_r0_940-e1727039388920.jpg\" alt=\"\" class=\"wp-image-273\" style=\"border-radius:16px;box-shadow:6px 6px 9px rgba(0, 0, 0, 0.2)\" srcset=\"https:\/\/famapak.pl\/wp-content\/uploads\/2024\/09\/174717_r0_940-e1727039388920.jpg 935w, https:\/\/famapak.pl\/wp-content\/uploads\/2024\/09\/174717_r0_940-e1727039388920-300x172.jpg 300w, https:\/\/famapak.pl\/wp-content\/uploads\/2024\/09\/174717_r0_940-e1727039388920-768x439.jpg 768w\" sizes=\"(max-width: 935px) 100vw, 935px\" \/><\/figure>\n<\/div>\n\n\n\n<div class=\"wp-block-column is-vertically-aligned-center is-layout-flow wp-block-column-is-layout-flow\" style=\"padding-right:10px;padding-left:10px;flex-basis:60%\">\n<div class=\"wp-block-group is-content-justification-center is-nowrap is-layout-flex wp-container-core-group-is-layout-2 wp-block-group-is-layout-flex\">\n<div class=\"wp-block-group has-global-padding is-content-justification-left is-layout-constrained wp-container-core-group-is-layout-1 wp-block-group-is-layout-constrained\" style=\"padding-top:30px;padding-bottom:30px\">\n<p class=\"has-text-color has-link-color has-medium-font-size wp-elements-8e7373b45e065f077030363d7c47732f\" style=\"color:#ffbd59;font-style:normal;font-weight:600\">Opakowania plastikowe<\/p>\n\n\n\n<p style=\"margin-top:0px;margin-right:0px;margin-bottom:0px;margin-left:0px;padding-top:20px;padding-right:0px;padding-bottom:0px;padding-left:0px\">Opakowania plastikowe dzielimy na jednorazowe i wielokrotnego u\u017cytku (klasyczne lunchboxy). W gastronomii najcz\u0119\u015bciej wykorzystuje si\u0119 kubki, talerze, pojemniki na sur\u00f3wki, a tak\u017ce tacki na sushi i przek\u0105ski. W plastikowych lunch boxach mo\u017cna bezproblemowo przenosi\u0107 codzienne obiady do pracy lub szko\u0142y. Opakowania z tworzywa sztucznego s\u0105 wytrzyma\u0142e i praktyczne.<\/p>\n\n\n\n<p style=\"margin-top:0px;margin-right:0px;margin-bottom:0px;margin-left:0px;padding-top:20px;padding-right:0px;padding-bottom:0px;padding-left:0px\">Ich najwi\u0119ksz\u0105 zalet\u0105 jest mo\u017cliwo\u015b\u0107 wielokrotnego u\u017cytku.<\/p>\n<\/div>\n<\/div>\n<\/div>\n<\/div>\n<\/div>\n\n\n\n<div class=\"wp-block-group alignfull has-global-padding is-layout-constrained wp-container-core-group-is-layout-6 wp-block-group-is-layout-constrained\" style=\"padding-top:80px;padding-bottom:80px\">\n<div class=\"wp-block-columns alignwide is-layout-flex wp-container-core-columns-is-layout-2 wp-block-columns-is-layout-flex\">\n<div class=\"wp-block-column is-layout-flow wp-block-column-is-layout-flow\" style=\"padding-right:10px;padding-left:10px;flex-basis:40%\">\n<figure class=\"wp-block-image aligncenter size-full is-resized has-custom-border\"><img loading=\"lazy\" decoding=\"async\" width=\"1000\" height=\"666\" src=\"https:\/\/famapak.pl\/wp-content\/uploads\/2024\/09\/opakowania.jpg\" alt=\"\" class=\"wp-image-274\" style=\"border-radius:16px;box-shadow:6px 6px 9px rgba(0, 0, 0, 0.2);width:464px;height:auto\" srcset=\"https:\/\/famapak.pl\/wp-content\/uploads\/2024\/09\/opakowania.jpg 1000w, https:\/\/famapak.pl\/wp-content\/uploads\/2024\/09\/opakowania-300x200.jpg 300w, https:\/\/famapak.pl\/wp-content\/uploads\/2024\/09\/opakowania-768x511.jpg 768w\" sizes=\"(max-width: 1000px) 100vw, 1000px\" \/><\/figure>\n<\/div>\n\n\n\n<div class=\"wp-block-column is-vertically-aligned-center is-layout-flow wp-block-column-is-layout-flow\" style=\"padding-top:0;padding-right:10px;padding-bottom:0;padding-left:10px;flex-basis:60%\">\n<div class=\"wp-block-group is-content-justification-center is-nowrap is-layout-flex wp-container-core-group-is-layout-5 wp-block-group-is-layout-flex\">\n<div class=\"wp-block-group has-global-padding is-content-justification-left is-layout-constrained wp-container-core-group-is-layout-4 wp-block-group-is-layout-constrained\" style=\"padding-top:30px;padding-bottom:30px\">\n<p class=\"has-text-color has-link-color has-medium-font-size wp-elements-c7de2307dd2ea1a9c43cca7208045ba7\" style=\"color:#ffbd59;font-style:normal;font-weight:600\">Opakowania papierowe<\/p>\n\n\n\n<p style=\"margin-top:0px;margin-right:0px;margin-bottom:0px;margin-left:0px;padding-top:20px;padding-right:0px;padding-bottom:0px;padding-left:0px\">Opakowania papierowe najlepiej spe\u0142ni\u0105 swoj\u0105 funkcj\u0119 jako pojemniki do pakowania tort\u00f3w i ciast. S\u0105 niezast\u0105pione w cukiernictwie, a tak\u017ce czasami w restauracjach fast food (jako kartony na pizz\u0119). Z papieru wykonuje si\u0119 r\u00f3wnie\u017c tacki jednorazowe, talerze, kubki, torebki na frytki.<br><\/p>\n\n\n\n<p style=\"margin-top:0px;margin-right:0px;margin-bottom:0px;margin-left:0px;padding-top:20px;padding-right:0px;padding-bottom:0px;padding-left:0px\">Papier jest ekologicznym surowcem i mo\u017ce by\u0107 poddany recyklingowi. Do produkcji opakowa\u0144 jednorazowych z papieru wykorzystuje si\u0119 coraz cz\u0119\u015bciej surowce odnawialne, np. kartony biodegradowalne. Niestety takie pojemniki posiadaj\u0105 jedn\u0105 wad\u0119 \u2013 szybko nasi\u0105kaj\u0105 i niszcz\u0105 si\u0119 pod wp\u0142ywem wody. Nie sprawdz\u0105 si\u0119 jako opakowania na potrawy p\u0142ynne i gor\u0105ce.<\/p>\n<\/div>\n<\/div>\n<\/div>\n<\/div>\n<\/div>\n\n\n\n<div class=\"wp-block-group alignfull has-global-padding is-layout-constrained wp-container-core-group-is-layout-9 wp-block-group-is-layout-constrained\" style=\"padding-top:80px;padding-bottom:80px\">\n<div class=\"wp-block-columns alignwide is-layout-flex wp-container-core-columns-is-layout-3 wp-block-columns-is-layout-flex\">\n<div class=\"wp-block-column is-layout-flow wp-block-column-is-layout-flow\" style=\"padding-right:10px;padding-left:10px;flex-basis:40%\">\n<figure class=\"wp-block-image aligncenter size-full is-resized has-custom-border\"><img loading=\"lazy\" decoding=\"async\" width=\"360\" height=\"258\" src=\"https:\/\/famapak.pl\/wp-content\/uploads\/2024\/09\/martwa-natura-z-tekturowej-ekologicznej-zastawy-stolowej_23-2149542091-e1727039536348.jpg\" alt=\"\" class=\"wp-image-275\" style=\"border-radius:16px;box-shadow:6px 6px 9px rgba(0, 0, 0, 0.2);width:468px;height:auto\" srcset=\"https:\/\/famapak.pl\/wp-content\/uploads\/2024\/09\/martwa-natura-z-tekturowej-ekologicznej-zastawy-stolowej_23-2149542091-e1727039536348.jpg 360w, https:\/\/famapak.pl\/wp-content\/uploads\/2024\/09\/martwa-natura-z-tekturowej-ekologicznej-zastawy-stolowej_23-2149542091-e1727039536348-300x215.jpg 300w\" sizes=\"(max-width: 360px) 100vw, 360px\" \/><\/figure>\n<\/div>\n\n\n\n<div class=\"wp-block-column is-vertically-aligned-center is-layout-flow wp-block-column-is-layout-flow\" style=\"padding-right:10px;padding-left:10px;flex-basis:60%\">\n<div class=\"wp-block-group is-content-justification-center is-nowrap is-layout-flex wp-container-core-group-is-layout-8 wp-block-group-is-layout-flex\">\n<div class=\"wp-block-group has-global-padding is-content-justification-left is-layout-constrained wp-container-core-group-is-layout-7 wp-block-group-is-layout-constrained\" style=\"padding-top:30px;padding-bottom:30px\">\n<p class=\"has-text-color has-link-color has-medium-font-size wp-elements-6aa99cc14ca6593f442fede306e6ae7b\" style=\"color:#ffbd59;font-style:normal;font-weight:600\">Opakowania styropianowe<\/p>\n\n\n\n<p style=\"margin-top:0px;margin-right:0px;margin-bottom:0px;margin-left:0px;padding-top:20px;padding-right:0px;padding-bottom:0px;padding-left:0px\">Opakowania styropianowe s\u0105 doskona\u0142\u0105 alternatyw\u0105 dla pojemnik\u00f3w papierowych. Wykorzystuje si\u0119 je do transportu potraw gor\u0105cych, czyli da\u0144 obiadowych i zup. Styropian pozwala na d\u0142ugo zachowa\u0107 ciep\u0142o posi\u0142k\u00f3w. Przydaje si\u0119 na wypadek d\u0142ugich transport\u00f3w na wynos. Jest bardziej wytrzyma\u0142y ni\u017c papier.<\/p>\n\n\n\n<p style=\"margin-top:0px;margin-right:0px;margin-bottom:0px;margin-left:0px;padding-top:20px;padding-right:0px;padding-bottom:0px;padding-left:0px\">Pojemniki styropianowe mog\u0105 przyj\u0105\u0107 posta\u0107 tzw. menu box\u00f3w, kt\u00f3re s\u0105 podzielone na dwie lub trzy cz\u0119\u015bci (w ka\u017cdej z nich podaje si\u0119 inn\u0105 potraw\u0119, np. mi\u0119so, ziemniaki i sur\u00f3wki).<\/p>\n<\/div>\n<\/div>\n<\/div>\n<\/div>\n<\/div>\n<\/div><\/div>\n\n\n\n<p><\/p>\n","protected":false},"excerpt":{"rendered":"","protected":false},"author":1,"featured_media":0,"parent":0,"menu_order":0,"comment_status":"closed","ping_status":"closed","template":"","meta":{"footnotes":""},"class_list":["post-75","page","type-page","status-publish","hentry"],"_links":{"self":[{"href":"https:\/\/famapak.pl\/index.php\/wp-json\/wp\/v2\/pages\/75"}],"collection":[{"href":"https:\/\/famapak.pl\/index.php\/wp-json\/wp\/v2\/pages"}],"about":[{"href":"https:\/\/famapak.pl\/index.php\/wp-json\/wp\/v2\/types\/page"}],"author":[{"embeddable":true,"href":"https:\/\/famapak.pl\/index.php\/wp-json\/wp\/v2\/users\/1"}],"replies":[{"embeddable":true,"href":"https:\/\/famapak.pl\/index.php\/wp-json\/wp\/v2\/comments?post=75"}],"version-history":[{"count":9,"href":"https:\/\/famapak.pl\/index.php\/wp-json\/wp\/v2\/pages\/75\/revisions"}],"predecessor-version":[{"id":282,"href":"https:\/\/famapak.pl\/index.php\/wp-json\/wp\/v2\/pages\/75\/revisions\/282"}],"wp:attachment":[{"href":"https:\/\/famapak.pl\/index.php\/wp-json\/wp\/v2\/media?parent=75"}],"curies":[{"name":"wp","href":"https:\/\/api.w.org\/{rel}","templated":true}]}}