{"id":57,"date":"2024-09-02T13:25:04","date_gmt":"2024-09-02T13:25:04","guid":{"rendered":"https:\/\/famapak.pl\/?page_id=57"},"modified":"2024-09-17T21:03:30","modified_gmt":"2024-09-17T21:03:30","slug":"etykiety","status":"publish","type":"page","link":"https:\/\/famapak.pl\/index.php\/etykiety\/","title":{"rendered":"Etykiety"},"content":{"rendered":"\n<div class=\"wp-block-cover alignfull is-light\"><span aria-hidden=\"true\" class=\"wp-block-cover__background has-background-dim-100 has-background-dim\" style=\"background-color:#f3f3f3\"><\/span><div class=\"wp-block-cover__inner-container has-global-padding is-layout-constrained wp-container-core-cover-is-layout-1 wp-block-cover-is-layout-constrained\">\n<div class=\"wp-block-group alignfull has-global-padding is-layout-constrained wp-container-core-group-is-layout-3 wp-block-group-is-layout-constrained\" style=\"padding-top:80px;padding-bottom:80px\">\n<div class=\"wp-block-columns alignwide is-layout-flex wp-container-core-columns-is-layout-1 wp-block-columns-is-layout-flex\">\n<div class=\"wp-block-column is-layout-flow wp-block-column-is-layout-flow\" style=\"padding-right:10px;padding-left:10px;flex-basis:50%\">\n<div class=\"wp-block-group is-content-justification-center is-nowrap is-layout-flex wp-container-core-group-is-layout-2 wp-block-group-is-layout-flex\">\n<div class=\"wp-block-group has-global-padding is-content-justification-left is-layout-constrained wp-container-core-group-is-layout-1 wp-block-group-is-layout-constrained\" style=\"padding-bottom:10px\">\n<h2 class=\"wp-block-heading has-text-color has-link-color has-hedvig-letters-serif-regular-font-family wp-elements-16291ca69893a4b77464d1113a050cb3\" style=\"color:#242925\">ETYKIETY<\/h2>\n\n\n\n<p>Firma FAMA PAK zapewni Tobie wysokiej jako\u015bci etykiety termiczne, termotransferowe oraz etykiety foliowe bez nadruku i z nadrukiem. Oferujemy standardowe produkty dost\u0119pne od r\u0119ki, jak i etykiety robione na zam\u00f3wienie.<br><\/p>\n\n\n\n<p>Nasz zesp\u00f3\u0142 doradc\u00f3w i projektant\u00f3w jest zawsze gotowy, aby udzieli\u0107 wszelkiej pomocy potrzebnej do zaprojektowania etykiet drukowanych i ta\u015bmy drukowanej. Ten poziom us\u0142ug dost\u0119pny jest dla ka\u017cdego klienta. Zapewniamy, \u017ce otrzymasz ko\u0144cowy produkt, kt\u00f3rego potrzebujesz. Etykiety niestandardowe to \u015bwietny spos\u00f3b na to, aby doda\u0107 warto\u015b\u0107 swojemu produktowi i nada\u0107 firmie unikalny wizerunek.<br><br>Zalety naszych etykiet to wysoka jako\u015b\u0107 papieru oraz kleju, a tak\u017ce dost\u0119pno\u015b\u0107 najpopularniejszych rozmiar\u00f3w oraz mo\u017cliwo\u015b\u0107 zam\u00f3wienia dowolnego rozmiaru etykiety.<\/p>\n\n\n\n<p><\/p>\n<\/div>\n<\/div>\n<\/div>\n\n\n\n<div class=\"wp-block-column is-layout-flow wp-block-column-is-layout-flow\" style=\"padding-right:10px;padding-left:10px;flex-basis:50%\">\n<figure class=\"wp-block-image aligncenter size-full is-resized has-custom-border\"><img loading=\"lazy\" decoding=\"async\" width=\"360\" height=\"354\" src=\"https:\/\/famapak.pl\/wp-content\/uploads\/2024\/09\/roll_banner.jpg\" alt=\"\" class=\"wp-image-158\" style=\"border-radius:16px;box-shadow:6px 6px 9px rgba(0, 0, 0, 0.2);width:427px;height:auto\" srcset=\"https:\/\/famapak.pl\/wp-content\/uploads\/2024\/09\/roll_banner.jpg 360w, https:\/\/famapak.pl\/wp-content\/uploads\/2024\/09\/roll_banner-300x295.jpg 300w\" sizes=\"(max-width: 360px) 100vw, 360px\" \/><\/figure>\n<\/div>\n<\/div>\n<\/div>\n<\/div><\/div>\n\n\n\n<p><\/p>\n","protected":false},"excerpt":{"rendered":"","protected":false},"author":1,"featured_media":0,"parent":0,"menu_order":0,"comment_status":"closed","ping_status":"closed","template":"","meta":{"footnotes":""},"class_list":["post-57","page","type-page","status-publish","hentry"],"_links":{"self":[{"href":"https:\/\/famapak.pl\/index.php\/wp-json\/wp\/v2\/pages\/57"}],"collection":[{"href":"https:\/\/famapak.pl\/index.php\/wp-json\/wp\/v2\/pages"}],"about":[{"href":"https:\/\/famapak.pl\/index.php\/wp-json\/wp\/v2\/types\/page"}],"author":[{"embeddable":true,"href":"https:\/\/famapak.pl\/index.php\/wp-json\/wp\/v2\/users\/1"}],"replies":[{"embeddable":true,"href":"https:\/\/famapak.pl\/index.php\/wp-json\/wp\/v2\/comments?post=57"}],"version-history":[{"count":10,"href":"https:\/\/famapak.pl\/index.php\/wp-json\/wp\/v2\/pages\/57\/revisions"}],"predecessor-version":[{"id":245,"href":"https:\/\/famapak.pl\/index.php\/wp-json\/wp\/v2\/pages\/57\/revisions\/245"}],"wp:attachment":[{"href":"https:\/\/famapak.pl\/index.php\/wp-json\/wp\/v2\/media?parent=57"}],"curies":[{"name":"wp","href":"https:\/\/api.w.org\/{rel}","templated":true}]}}